04 + -5?
-32709
In base 16, what is 231 + -2fc?
-cb
In base 6, what is 2122 + 1110?
3232
In base 12, what is -2 - -3195?
3193
In base 10, what is 1655 + 3?
1658
In base 14, what is 8 + 49cc?
49d6
In base 13, what is 47 - 5aa?
-563
In base 16, what is 1ba - -1d?
1d7
In base 14, what is 13 + 12b48?
12b5b
In base 4, what is -1311302 + -211?
-1312113
In base 8, what is -317041 - -4?
-317035
In base 12, what is -296614 - -6?
-29660a
In base 13, what is -21c0 - -b?
-21b2
In base 8, what is 52 - 1073?
-1021
In base 11, what is -47 - 1853?
-189a
In base 11, what is -56a467 + -5?
-56a471
In base 14, what is 42d - -c0?
50d
In base 15, what is -3288 - 25?
-32ad
In base 14, what is 8271 + -3?
826c
In base 6, what is 4 + -43004?
-43000
In base 4, what is 21 + -30311100?
-30311013
In base 2, what is 11 - 10100101101010010101?
-10100101101010010010
In base 15, what is 4452 - 7?
444a
In base 9, what is -61 - -506?
435
In base 14, what is -4bb + -24?
-501
In base 2, what is -11111100100010010 - 0?
-11111100100010010
In base 14, what is 657324 + 0?
657324
In base 8, what is 27 - 513?
-464
In base 10, what is 69864 + 28?
69892
In base 15, what is 54 - -2de5?
2e49
In base 15, what is 158e - -9c?
163b
In base 16, what is -9 - -cc6d?
cc64
In base 3, what is 101002 + -222110?
-121101
In base 10, what is -21468 + -36?
-21504
In base 15, what is -5 + -730c0?
-730c5
In base 7, what is 5 + 5313636?
5313644
In base 14, what is 1 - -974d?
9750
In base 5, what is -1 + -143331?
-143332
In base 10, what is 3 + -26989?
-26986
In base 12, what is 132 - -52?
184
In base 13, what is 15 - -65b79?
65b91
In base 15, what is -19b - -174?
-27
In base 10, what is -191 + 772?
581
In base 9, what is 47848 + -15?
47833
In base 8, what is -73513 - -17?
-73474
In base 11, what is -22 + -2111?
-2133
In base 7, what is -45215 - 46?
-45264
In base 10, what is 87020 + -16?
87004
In base 11, what is 30 - -30?
60
In base 16, what is -247 + -a6?
-2ed
In base 14, what is -7629 + 0?
-7629
In base 16, what is -35d - 2d?
-38a
In base 14, what is -4 + -a09?
-a0d
In base 16, what is -e - 51ed?
-51fb
In base 10, what is 9 + -13674?
-13665
In base 10, what is -1764 - 5?
-1769
In base 6, what is 10 - -123034?
123044
In base 9, what is 405835 - 4?
405831
In base 13, what is -2932 + -a03?
-3635
In base 8, what is -4 - -137566?
137562
In base 10, what is -48 + 370?
322
In base 14, what is -d6bc1 + 1?
-d6bc0
In base 9, what is 151 - -284?
445
In base 5, what is 3310 - 2102?
1203
In base 12, what is 14216 - 2?
14214
In base 5, what is -113332 - -1?
-113331
In base 11, what is -17 + -58?
-74
In base 14, what is -1744 + -6?
-174a
In base 12, what is 1184 - 1b4?
b90
In base 10, what is 207840 - -3?
207843
In base 2, what is -1011000000100110 + 10100?
-1011000000010010
In base 12, what is 8416 - 3?
8413
In base 3, what is -120102022112 - 0?
-120102022112
In base 14, what is 2 - -120995?
120997
In base 8, what is 13 - 6275?
-6262
In base 13, what is 5008 - -23?
502b
In base 7, what is -21260 - -421?
-20536
In base 15, what is -96b58 + 5?
-96b53
In base 13, what is -10281 + 3?
-1027b
In base 11, what is -30314 - 91?
-303a5
In base 2, what is -1011101100100101001 + 100?
-1011101100100100101
In base 2, what is -10 - 111000010011111?
-111000010100001
In base 13, what is -5b71 + -34?
-5ba5
In base 11, what is 2 + 3962?
3964
In base 13, what is 22 + -4a5b?
-4a39
In base 13, what is 54abc8 - 4?
54abc4
In base 16, what is -1 - -6b04?
6b03
In base 15, what is 19dac - 5?
19da7
In base 4, what is 10 - 3111313?
-3111303
In base 16, what is -1f93 + -3?
-1f96
In base 11, what is 4 - -4598?
45a1
In base 12, what is -19b9 - -1b?
-199a
In base 4, what is -31 + -222003003?
-222003100
In base 14, what is -8dc5 - -4?
-8dc1
In base 3, what is 1 + -111220010?
-111220002
In base 11, what is -4771 + -38?
-47a9
In base 8, what is -55475 + -3?
-55500
In base 5, what is 3010100 + 10?
3010110
In base 13, what is 3 + 223191?
223194
In base 13, what is b8475 - 3?
b8472
In base 4, what is 2 - -1300223?
1300231
In base 5, what is 10204303 - -3?
10204311
In base 3, what is 1201112120201 - -2?
1201112120210
In base 13, what is 22a7 - 19?
228b
In base 8, what is -11 + -30572?
-30603
In base 14, what is 883d - 17?
8826
In base 11, what is 224433 - 5?
224429
In base 14, what is 37a - -26?
3a2
In base 3, what is 222 + -2221211012?
-2221210020
In base 12, what is -9 + -10721?
-1072a
In base 13, what is 301 + -95?
239
In base 14, what is -126b9 - -20?
-12699
In base 8, what is -331546 - 3?
-331551
In base 14, what is -7c + -284?
-322
In base 2, what is -100111110 + -101100000?
-1010011110
In base 10, what is 7 + 10277?
10284
In base 4, what is 13 + -111011012?
-111010333
In base 11, what is 658 + 1671?
2219
In base 15, what is 5379 + -2?
5377
In base 8, what is 7477003 + -1?
7477002
In base 16, what is e26 + 4?
e2a
In base 5, what is -14 - -210444?
210430
In base 10, what is -11586 + -2?
-11588
In base 7, what is -106330 + 11?
-106316
In base 11, what is -153 + 390?
238
In base 8, what is 3605 + 26?
3633
In base 12, what is -2a - -8a4?
876
In base 13, what is -268684 - -2?
-268682
In base 6, what is 1254145 - -22?
1254211
In base 9, what is -1162 + -40?
-1212
In base 13, what is 1878990 + -1?
187898c
In base 7, what is 222520 + 2?
222522
In base 7, what is 200 + 14130?
14330
In base 14, what is 2c69 - 0?
2c69
In base 11, what is -a8a - -117?
-973
In base 9, what is 3 - -1455764?
1455767
In base 4, what is 1332111300 - 3?
1332111231
In base 11, what is 4894 + -2a7?
4598
In base 3, what is -202100111001 + -12?
-202100111020
In base 15, what is 1b2747 - 1?
1b2746
In base 8, what is 700 - 6661?
-5761
In base 6, what is -110413 + -4?
-110421
In base 13, what is 6b8c + 3?
6b92
In base 8, what is -77401 - -26?
-77353
In base 8, what is 2 - -1254?
1256
In base 2, what is -1000 + 11000011101100?
11000011100100
In base 13, what is 12 - 14bc?
-14aa
In base 16, what is 3 + -176d3?
-176d0
In base 11, what is 5 - 3858?
-3853
In base 4, what is 3232 - 0?
3232
In base 12, what is a1329 - -15?
a1342
In base 15, what is -5 - -6c71?
6c6b
In base 12, what is 73 - -b1b?
b92
In base 3, what is 1202012101 - -11?
1202012112
In base 11, what is -2472a + 44?
-24696
In base 9, what is 4 + 13651?
13655
In base 2, what is 1101010110 + 1?
1101010111
In base 8, what is 2175 - 1507?
466
In base 15, what is 2 + 137d8?
137da
In base 4, what is -333121210 - 21?
-333121231
In base 13, what is 369c - 21?
367b
In base 8, what is 1044 - 343?
501
In base 14, what is -ba1 + -45?
-c06
In base 5, what is 13214 + 221?
13440
In base 12, what is -4 + -364?
-368
In base 16, what is 4f9d + -2?
4f9b
In base 3, what is -1102011 + 1211?
-1100100
In base 12, what is 82 - -3136?
31b8
In base 4, what is 11 - 30220121?
-30220110
In base 14, what is -21b + 1c0?
-3b
In base 10, what is -3 + 434?
431
In base 11, what is 7 - -81?
88
In base 8, what is 33 - -364016?
364051
In base 6, what is 151323 + 52?
151415
In base 4, what is -32201021 + 11?
-32201010
In base 8, what is 4 - 6104245?
-6104241
In base 9, what is 5 + 65346?
65352
In base 11, what is -167880 + -3?
-167883
In base 13, what is -83b188 + -3?
-83b18b
In base 15, what is -2 - -edd4?
edd2
In base 6, what is 231115 + 1?
231120
In base 8, what is -5 + 456565?
456560
In base 3, what is 10020 + 11112102?
11122122
In base 12, what is b16 + a69?
1983
In base 7, what is -155015 - 12?
-155030
In base 4, what is 112212 - -1001?
113213
In base 6, what is 55043 - -5?
55052
In base 5, what is -10 + -10100241?
-10100301
In base 11, what is -18a387 - 8?
-18a394
In base 4, what is -12331000000 - 11?
-12331000011
In base 6, what is 552 + -104520?
-103524
In base 13, what is -b8 + 15?
-a3
In base 5, what is -2101 + 424143?
422042
In base 4, what is -311213 + -3?
-311222
In base 12, what is a1695 + 5?
a169a
In base 2, what is -11011010110 - 10011?
-11011101001
In base 3, what is 22 + -202111221?
-202111122
In base 5, what is -1221342 + 3?
-1221334
In base 7, what is -2201525 + 4?
-2201521
In base 5, what is -14202034 - 0?
-14202034
In base 5, what is -102231 + -123?
-102404
In base 16, what is -ba4dc + 4?
-ba4d8
In base 5, what is 11 + -13300?
-13234
In base 5, what is -243 - -3140?
2342
In base 8, what is 32454 + -4?
32450
In base 10, what is -9 + 30827?
30818
In 